6. Suppose 3*i - 21 = 2*i. Calculate the greatest common factor of i and f.
7
Suppose -53 = -3*x - g, -4*g - 17 + 117 = 5*x. Suppose 2890 = 7*j - 2*j. Let w = j - 402. What is the greatest common divisor of x and w?
16
Suppose -70 = -0*y - y. Suppose 23*b = 22*b + 10. What is the greatest common divisor of b and y?
10
Suppose -2 = 3*i - 8. Calculate the highest common divisor of i and 22.
2
Suppose -17 = -f + 5*f - 5*y, 2*f = 4*y - 10. Let l = f + 12. What is the highest common factor of 9 and l?
9
Let z(a) = -3*a - 15. Let r be z(-12). Calculate the greatest common divisor of 7 and r.
7
Let k be (13 - -2)*8/12 - -2. What is the highest common divisor of 36 and k?
12
Let c(p) = -6*p - 18. Let i be c(-13). What is the highest common factor of 80 and i?
20
Let r be 5*(-4 + 728/20). What is the greatest common factor of 18 and r?
18
Suppose q + 2*t = -0*q + 10, -3*q = -3*t + 15. Suppose 0 = -r - q*r + 2. Calculate the greatest common divisor of 6 and r.
2
Suppose -13*t = -t - 48. What is the greatest common factor of t and 20?
4
Let k = 16 - -2. Suppose 12 = 2*n - k. What is the highest common divisor of n and 6?
3
Suppose -2*v - 2 + 18 = 0. Suppose -2*d - 41 - 4 = -3*b, -3*b + 27 = 4*d. Let p = 21 - b. What is the greatest common divisor of v and p?
8
Suppose l + 2*l + 4*t - 274 = 0, -3*l = 2*t - 266. Suppose -x = -l - 19. Suppose x = 6*d - d. Calculate the greatest common divisor of 3 and d.
3
Suppose 0 = -5*p - 0*p. Let j be p + 268 + (-7 - -9). Calculate the highest common divisor of 30 and j.
30
Suppose 108 = 3*x + x + 4*l, 3*x - 3*l - 69 = 0. Calculate the highest common factor of x and 275.
25
Let b(l) = -l - 2. Let h be b(-3). Suppose u - 10 = -h. Calculate the highest common divisor of 81 and u.
9
Let g(b) = 2*b**2 - 8*b + 4. Let p be g(5). Calculate the greatest common factor of p and 21.
7
Let b = 14 + -8. Let a be 9*(0 - (-4)/b). Calculate the highest common factor of a and 48.
6
Let p(r) = 216*r. Let t(n) = 14*n + 3*n - 10*n. Let b(c) = -2*p(c) + 63*t(c). Let j be b(2). What is the highest common factor of 9 and j?
9
Let p(r) = -r**2 + 95. Let z be p(0). Calculate the highest common divisor of z and 19.
19
Let o = 2 + -10. Let r be (-180)/(-7) - o/28. Suppose 0 = -k + 6*k - 65. What is the greatest common divisor of k and r?
13
Let l = 2 - 2. Let p be 78*3/6 - l. Calculate the highest common factor of 13 and p.
13
Let s(f) = 11*f - 36. Let d be s(12). What is the highest common divisor of 32 and d?
32
Let t(b) = -11*b. Let h be (2 + -3)/1*-1. Let q = h - 5. Let u be t(q). Calculate the highest common factor of 110 and u.
22
Let k(s) = -s**2 - 8*s - 3. Let u be k(-5). Calculate the highest common divisor of 4 and u.
4
Let s be (-1 - -3)*(1 - 0). Suppose -2*j + s = d, 14 = 5*j - j - 3*d. Suppose j*q = 11 + 59. What is the greatest common factor of 14 and q?
7
Suppose -2*w = 0, -8*w + 64 = 2*h - 3*w. Calculate the greatest common divisor of 4 and h.
4
Let u be -3 + (7 - 0) + (-228)/(-3). Calculate the greatest common factor of 16 and u.
16
Let f be 1 - ((-20)/1 + 0). Let i(d) = -d**3 - 6*d**2 + d + 9. Let x be i(-6). Calculate the highest common divisor of f and x.
3
Suppose w = -2*w + 6. Suppose x = w*f + 110, x - 3*f - 220 = -x. What is the greatest common factor of 44 and x?
22
Let l(q) = q**3 + 20*q**2 + 16*q - 23. Let g be l(-19). Calculate the greatest common factor of g and 85.
17
Suppose -4*x - 2*b + 458 = 3*b, 5*x - 2*b = 556. Let j be (1 - 1) + x - 0. What is the highest common factor of j and 16?
16
Let h(u) = -7 - u**3 + 4*u**2 + 6 + 9 + 2*u + 2*u**2. Let z be h(6). Calculate the greatest common divisor of z and 20.
20
Let k = -137 + 215. Suppose -4*i + 93 = 3*v, -3*v + 2*i + 33 = -k. What is the highest common factor of 14 and v?
7
Let n(m) = -131*m + 2. Suppose 0*z - 5 = d - 3*z, 3*z = -4*d - 5. Let a be n(d). Calculate the greatest common factor of 33 and a.
33
Suppose -3*i + 184 = i - g, 3*i = -2*g + 127. What is the greatest common divisor of i and 30?
15
Let p = -2 - -4. Suppose -2*s = s - p*a - 34, -s + a = -12. Let w be (-5 + 4)*(-72 + 2). What is the greatest common divisor of s and w?
10
Let y(w) = -w**3 - 2*w**2 - 3*w - 3. Let l be y(-2). Suppose -6 - l = -a. What is the highest common divisor of 27 and a?
9
Let n be 73/2 - 5/10. Let w = 6 + n. Let d = 3 - -60. What is the highest common divisor of d and w?
21
Let m(x) = x**3 + 2*x**2 - 6*x - 8. Let h be m(-3). Let n = 11 + -7. What is the highest common divisor of h and n?
1
Suppose 68 = -3*i + 194. What is the highest common factor of i and 6?
6
Suppose -5*r + 127 + 48 = 0. Let b = -4 - -7. Suppose 5*d = -p + r, b*p + p = d + 56. What is the highest common divisor of p and 165?
15
Let l = -18 - -38. What is the highest common divisor of l and 4?
4
Let k(p) = 15*p - 3. Let a(i) = i + 13. Let t be a(-9). Let m be k(t). Calculate the highest common divisor of m and 19.
19
Suppose -m = -5*f + 218, 2*f - 74 - 10 = 2*m. Let y = f - 22. What is the greatest common divisor of 2 and y?
2
Suppose -16 = -164*q + 162*q. Let x be 18/(-15)*(-40)/6. What is the greatest common divisor of x and q?
8
Suppose 5*j + 4*n = n + 60, -10 = 2*n. Suppose 0 = -4*x + j + 9. Let a(t) = -3*t + 36. Let v be a(6). What is the highest common divisor of v and x?
6
Let g = 17 + 11. Suppose -53 = -2*h - 45. Calculate the highest common divisor of g and h.
4
Let b be 9/(-6) - 22/(-4). Suppose 5*w + a - 61 = 0, -b*a + 4 = 2*w - 6. Let n(d) = -17*d + 2. Let i be n(-6). What is the greatest common divisor of i and w?
13
Suppose -4*f - f + 610 = 0. Suppose s + s = 2*o - 56, -5*o - s + f = 0. What is the highest common divisor of 75 and o?
25
Let u(f) = f + 5. Let d be u(-7). Let l = d - -2. Let b be (27 - l)*(-4)/(-4). What is the greatest common divisor of b and 9?
9
Let y be 17*1*(6 - 5). Let p = y + -5. Calculate the highest common divisor of p and 8.
4
Let v(f) = -3*f**2 - f + 2. Let r(l) = l**2 - 1. Let d(i) = -4*r(i) - v(i). Let a be d(0). Calculate the highest common divisor of a and 1.
1
Suppose 3*k + 5*m - 21 = 23, 2*m + 37 = 3*k. Let v be 1 - (10 + 1 + -2). Let r be (-2)/v - (-259)/4. Calculate the greatest common divisor of k and r.
13
Suppose 0 = 7*v - 5*v - 24. Calculate the highest common factor of v and 108.
12
Let g be 30 - ((-16)/(-40) - (-2)/(-5)). What is the greatest common factor of g and 75?
15
Suppose 0 = -21*l + 17*l + 200. Calculate the greatest common factor of l and 10.
10
Let u(s) = 9*s**2 - 3*s - 2. Let b be u(-3). Calculate the highest common factor of 8 and b.
8
Suppose 22 = 3*g - 23. Calculate the highest common factor of 10 and g.
5
Let u(o) = 15*o**3 + o**2 - 2*o + 1. Let q be u(1). Let y = 822 - -396. Let i be 1/(-3) - y/(-9). What is the greatest common factor of i and q?
15
Let v = -100 + 132. Calculate the highest common divisor of 96 and v.
32
Suppose -13*t + 15*t = 168. Calculate the highest common factor of 210 and t.
42
Let y be (-4)/(-10) - (-23)/5. Let s(b) = 63*b - 260. Let w be s(5). What is the highest common factor of w and y?
5
Let j be ((-30)/8)/(5/20). Let y be 12 + -12 - (j - 1). Calculate the highest common divisor of 144 and y.
16
Let f = 15 + -3. What is the highest common divisor of f and 8?
4
Let s be (9/(-6))/((-8)/144). Calculate the greatest common divisor of 9 and s.
9
Let w be ((-2)/4)/((-3)/18). Suppose -3*o + 23 = k, -4*k - 13 = -w*o - 0*k. Let b be 1*(-2)/2*-28. Calculate the highest common divisor of o and b.
7
Let x(g) = -g**3 - 4*g**2 + 7*g - 6. Suppose m - 1 + 7 = 0. Let v be x(m). Calculate the highest common factor of 36 and v.
12
Suppose -300 = 14*x - 19*x. What is the highest common factor of x and 150?
30
Let w = 59 + 483. Suppose 0 = 3*v - y - w, -3*v + 4*y = y - 546. Calculate the highest common divisor of 20 and v.
20
Suppose -2*a - 14 = -4*g - 0, -4*g + 4*a + 20 = 0. Suppose -3*o - g*o = -90. Calculate the greatest common factor of 72 and o.
18
Let z be -31*(2/2 - (-5 - -7)). What is the greatest common factor of 279 and z?
31
Let z(n) = -2*n - 1. Let d be z(-4). Let m = d + -4. Suppose -m*q = 5 - 26. Calculate the greatest common factor of q and 21.
7
Suppose 22*d = 21*d + 80. Calculate the greatest common divisor of d and 10.
10
Suppose -5*z = o - 11, 0*o + 4*o + z = -13. Let x = 6 + o. Suppose x*n = -0*n + 18. Calcul